 of t and 33?
11
Let s = -12 - -57. Suppose -27 = -2*f + s. What is the greatest common factor of 6 and f?
6
Suppose -2*a + 3*y + 132 = 0, 2*y - 107 - 141 = -4*a. Calculate the highest common divisor of a and 21.
21
Let l(t) = -9*t + 1. Let c be l(-6). What is the highest common factor of 5 and c?
5
Suppose -2*t + 11 = z, -3*t + 1 = -4*z - 2*t. What is the greatest common factor of z and 3?
1
Let k be (-1 + -1)*(-6 + 4). Suppose 9*s = k*s + 120. Calculate the greatest common factor of 96 and s.
24
Let h be 25/(-10)*12/(-5). Let z be (h/(-6))/(2/(-8)). What is the greatest common divisor of 36 and z?
4
Suppose 2*b + 80 - 84 = 0. What is the highest common divisor of 4 and b?
2
Suppose 65 = 2*i - 39. What is the highest common factor of i and 78?
26
Let a(g) = -g**3 + 3*g + 2. Let q be a(-2). Let y(w) = 3*w - 5. Let v be y(q). Calculate the highest common divisor of v and 14.
7
Let c be (6/4)/(1/2). Suppose 0*u - u + 3*k + 25 = 0, c*k - 107 = -5*u. Suppose -3*d - 2*d = -275. What is the greatest common factor of u and d?
11
Let g = -8 + 11. Suppose -4*x - 463 = -5*f, -f + 50 = g*x - 35. Calculate the highest common divisor of 13 and f.
13
Suppose -6*a + 34 = 4. What is the greatest common divisor of 40 and a?
5
Let x(v) = 2*v + 18. Let n be x(-6). Calculate the greatest common factor of 30 and n.
6
Let a be 70 - (-1 + 4 + -5). Calculate the highest common factor of a and 8.
8
Suppose 0 = -2*p + 10 - 0. Suppose -5*i + 3*u = -65, 0*u - 5 = -3*i - p*u. Calculate the highest common divisor of 25 and i.
5
Let d(x) = x**2 - 3*x - 4. Let v be d(-4). Suppose 0 = 2*m - 6. Let p be (-16)/m*(-6)/4. Calculate the greatest common factor of p and v.
8
Suppose -132 = -49*o + 45*o. Calculate the greatest common factor of 22 and o.
11
Let u be (12/(-4))/((-6)/236). Let l be (0 + 1)*-1 + u. Suppose m - 42 = 3*h, -4*m + 5*h = -292 + l. Calculate the highest common factor of m and 18.
9
Let a be 7/(22/(-6) - -4). Let p = 3 + a. Calculate the highest common factor of p and 8.
8
Let u = 162 + -74. Calculate the highest common divisor of 8 and u.
8
Let k be 2 - 4 - (-35)/1. Suppose -7 = -5*u + k. Let n = 78 + 10. What is the highest common divisor of u and n?
8
Let c(x) = 2*x - 5. Let n be c(5). Suppose 0 = -3*o - n*i + 60, -5*o + i = -i - 100. What is the highest common factor of o and 80?
20
Let m = 8 + 10. Let v(n) = n**2 + 54. Let h be v(0). What is the highest common divisor of h and m?
18
Let g = 44 - 26. Let u = 5 - 3. Suppose -u*c + g = c. What is the greatest common divisor of 9 and c?
3
Suppose 16 = 2*x - 32. Let i(q) = q**3 + 6*q**2 + q - 4. Let n be i(-5). Suppose -3*r + 4*r = n. What is the greatest common divisor of x and r?
8
Suppose -5*m = 2*g - 32, 2*g + 4 - 36 = -2*m. Let s(r) = 16*r. Let k be s(2). Calculate the greatest common factor of g and k.
16
Let v be (-1)/((1 - 2)*1). Let c(l) = l**2 - 6*l + 2. Let h be c(6). What is the highest common factor of h and v?
1
Let m be (2/3)/(4/72). What is the highest common factor of 6 and m?
6
Let l = -59 + 87. Suppose 2*w = 12 + 72. What is the highest common factor of l and w?
14
Let a(z) = 3*z + 3. Let q be 6/(3/2 - 0). Let k be a(q). Let d(j) = -14*j + 3. Let r be d(-3). What is the highest common divisor of k and r?
15
Let y(w) = -w**3 + 5*w**2 - 4*w + 4. Let t be 4/10 + 162/45. Let v be y(t). Calculate the highest common divisor of v and 10.
2
Suppose 0 = -l - 4*l - 5. Let o be 3/l - -22 - 1. Calculate the highest common divisor of 144 and o.
18
Let a be (-9)/(-3) - 78/(-2). Calculate the highest common divisor of 105 and a.
21
Let i(p) = p**3 + 16*p**2 + 12*p - 10. Let f be i(-15). Calculate the highest common divisor of f and 5.
5
Let n = 2 - 0. Suppose n*g - 77 = -g + 4*c, g = 3*c + 24. Calculate the highest common divisor of 9 and g.
9
Let p be (-1)/1 + 0 - -9. Let c = -10 + 30. What is the highest common divisor of c and p?
4
Suppose -6*k + 20 = -2*k. Let z = -1 + k. Suppose 5*g - 2 = z*g. What is the highest common factor of g and 3?
1
Let b be 2/(-2 - (-144)/68). Let k = -331 - -139. Let q = -107 - k. What is the highest common factor of q and b?
17
Suppose -3*m = -8*m + 385. Calculate the greatest common divisor of m and 11.
11
Let a(y) = -2*y**2 + 2 + 6*y**2 + 3*y - 4*y**3 - 2*y**2. Let x be a(-2). Calculate the highest common factor of x and 18.
18
Let k be (-12)/(-3) - -1*6. What is the greatest common divisor of 5 and k?
5
Suppose -r + 60 = 2*w, -2*w - r + 60 = -2*r. What is the greatest common divisor of w and 20?
10
Suppose k = 3*t - 44, t = 4*t + 3*k - 48. What is the highest common divisor of t and 6?
3
Let p(x) be the second derivative of -x**4/12 - 2*x**3/3 + 7*x**2/2 - x. Let q be p(-5). What is the greatest common divisor of q and 16?
2
Let f be -40 + 40 + (5 + -1 - -1). What is the greatest common divisor of 35 and f?
5
Let t be (182/(-21))/((-4)/(-6)). Let f = 8 + t. Let j = -1 - f. Calculate the greatest common divisor of j and 2.
2
Suppose 0*j = -j + 2. Suppose -j*l + 40 = -32. Calculate the highest common divisor of 9 and l.
9
Let b be (-3)/((81/(-192))/9). Let o be (-363)/(-6) - (-1)/2. Suppose 4*j + b + o = 5*r, -j + 100 = 5*r. Calculate the highest common factor of r and 63.
21
Suppose 0 = -2*h - 37 + 57. What is the greatest common factor of h and 15?
5
Let a = 182 - 50. Calculate the greatest common divisor of 12 and a.
12
Suppose 7*t - 4*t + a = -46, 4*t - 4*a + 40 = 0. Let j = 47 + t. Let v = 0 + j. Calculate the highest common divisor of v and 11.
11
Let x(p) = -9. Let a(l) = l + 1. Let k(g) = 6*a(g) + x(g). Let q be k(2). Let n be (2/4)/(1/72). What is the highest common divisor of n and q?
9
Suppose 645 = 5*j - 2*t + 1736, 5*t = 5*j + 1085. Let g = -100 - j. Calculate the greatest common factor of g and 17.
17
Let q(t) = 6*t**2 + t. Let n be q(1). What is the greatest common divisor of n and 35?
7
Let d(l) = -l**3 - 7*l**2 + 9*l + 15. Let o be d(-8). What is the greatest common divisor of 28 and o?
7
Let d = -114 + 139. What is the greatest common factor of 10 and d?
5
Suppose 0*j - 115 = -5*j. Let c(h) = h**3 - 5*h**2 - h - 5. Let q be c(6). Suppose -3*m = -j - q. What is the greatest common factor of 112 and m?
16
Let j(i) = -61*i + 1. Let y be j(-2). Suppose -4*o = -101 - y. What is the highest common divisor of 14 and o?
14
Suppose 7 = -o + 64. Calculate the highest common factor of o and 38.
19
Let j = -2 - -8. Suppose 0 = 5*q + h - 58, j = -3*h + 15. Let d be ((-22)/(-4))/(2/4). What is the highest common divisor of q and d?
11
Let a = 201 - 120. Suppose -5*b - 54 = -3*b. Let h = -18 - b. What is the greatest common factor of h and a?
9
Let c = -13 + 16. What is the greatest common divisor of 1 and c?
1
Let i(g) = 15*g - 12. Let n be i(5). What is the highest common factor of n and 9?
9
Let g = -10 + 23. What is the greatest common divisor of g and 143?
13
Let v = 75 - 30. Suppose -7 = 3*g - 19. Suppose 3*j = x + 7*j - 38, g*j = 4*x - 52. Calculate the greatest common factor of x and v.
9
Suppose 5*p - 4*n + 3*n - 429 = 0, 4*n - 154 = -2*p. What is the highest common factor of p and 68?
17
Suppose s = -s + 36. What is the greatest common divisor of 12 and s?
6
Let i(q) = -2 + 9*q + 1 + 1 + 1 - q**2. Let v be i(8). Suppose v = 4*y - 23. Calculate the greatest common divisor of y and 32.
8
Let r be 70/15*(-6)/(-7). What is the greatest common factor of r and 44?
4
Suppose -55 - 11 = 3*f. Let v be 2/(-11) + (-312)/f. Calculate the highest common factor of 35 and v.
7
Let r = 25 - -14. What is the greatest common factor of r and 26?
13
Suppose 2*n - n = -15. Let p be 3/n - (-1202)/10. What is the highest common factor of 15 and p?
15
Let g(d) = d**3 + 7*d**2 + 5*d - 4. Let s be g(-5). Calculate the highest common factor of 105 and s.
21
Let n(d) = -d**3 - 4*d**2 - 5*d. Let k be n(-4). Let p be (-20)/12*(-20 - -2). Calculate the greatest common factor of k and p.
10
Let z = 8 + -9. Let r be 15 - 6 - 2*z. Calculate the greatest common factor of r and 99.
11
Suppose y + 4*g - 10 = -3, -1 = -g. Let k be 19 + (-4 + y)*3. Let m = 119 + 25. Calculate the greatest common factor of k and m.
16
Let u be (-3)/(-4 - (-10)/4). Calculate the greatest common divisor of 6 and u.
2
Let a = 12 + -7. Let f = a + -3. What is the highest common factor of f and 6?
2
Suppose 4*q = 2 +